- 70*c + c**2 - c**3 - 3*c**2. Give a(l).
6
Let u(g) = g**2 - 11*g + 11. Let l(x) = x**2 + 2*x - 27. Let z be l(-7). Determine u(z).
-13
Let p(g) = -g. Let f(n) = 4*n - 4. Let r(a) = -f(a) - 5*p(a). What is r(0)?
4
Let c(o) be the second derivative of -o**4/12 - 5*o**3/6 + 2*o**2 - 7*o. Determine c(-5).
4
Let j(m) = -m**3 + 2*m**2 - 2*m. Suppose -12*h + 17*h = 15. Give j(h).
-15
Let a(k) = -k**3 + 5*k**2 + 10*k + 1. Let t(g) = 2*g**3 - 11*g**2 - 21*g - 2. Let u(v) = -13*a(v) - 6*t(v). Give u(-3).
-7
Let t(n) = -4637 - 4*n - 2*n + 4635. Determine t(-2).
10
Let m = 8 - 4. Let u(r) = -r**2 + 7*r. Let i(h) = -h**2 + 6*h + 1. Suppose 5*w = 2 + 13. Let z(l) = w*i(l) - 2*u(l). Give z(m).
3
Let j(f) = f**2 - 8*f + 6. Let a be (2 - (-3)/(-2)) + (-135)/(-18). Determine j(a).
6
Let s(i) = -7*i**3 - 10*i**2 + 5*i + 4. Let j(z) = -13*z**3 - 19*z**2 + 9*z + 7. Let g(a) = 6*j(a) - 11*s(a). Suppose 0 = -6*o + o. Let l = o - 4. Give g(l).
2
Let y(o) be the second derivative of -o**5/60 + o**4/12 + 2*o**3/3 - 7*o. Let u(i) be the second derivative of y(i). Give u(5).
-8
Let o(r) = -r**3 - 3*r**2 - 4*r - 3. Let a(n) = -n**2 + 6*n - 7. Let i be a(5). Calculate o(i).
1
Let p(x) = -3*x**2 + x**3 + x**2 + 8*x**2 - 5. Calculate p(-6).
-5
Let j(d) = d**2 + d. Let m be (-4)/(-18) + 68/18. Suppose m = -5*p + 29. Let k be 7/p + 4/(-10). Calculate j(k).
2
Let p = 13 + -4. Let j = 12 - p. Let o(q) = -2 + 1 + j + 0 - q**2. Determine o(3).
-7
Let q(k) = -6*k + 2. Suppose -5*m + 9 = -8*m. What is q(m)?
20
Let q(z) = -z + 4. Let f = 1 - -5. Let v be q(f). Let n(p) = -2*p**2 + p + 1. Give n(v).
-9
Let n(v) be the third derivative of v**5/60 + v**4/6 + v**3 + 3*v**2. Let y be (1/(-3))/(1/12). Give n(y).
6
Let a be 1 - 2 - 0/3. Let k = a + 4. Let f(j) be the third derivative of j**5/60 + 9*j**2. Determine f(k).
9
Let n(w) = -4*w + 1 - 156*w**2 - 8 + 157*w**2. What is n(5)?
-2
Let p(b) = -8 + 9*b + 5*b - b**2 - 9*b. Determine p(6).
-14
Let z(m) = 8*m - 12. Let l be z(2). Let i(q) be the second derivative of q**3/3 - 2*q**2 + 2*q. What is i(l)?
4
Let k(g) = g - 7. Suppose u + 3 = -2. Give k(u).
-12
Let g be (980/21)/(-10) + (-4)/(-6). Let f(h) = 6*h + 5. Give f(g).
-19
Let v = -14 + 14. Let c = 6 - v. Let u(w) = -w**3 + 6*w**2 - 2*w + 8. Give u(c).
-4
Let k(o) = o**3 - 4*o**2 + 4*o - 1. Let b(j) = 9*j + 1 - 4*j - j**2 + 4. Let f be b(6). Let q = f - -4. What is k(q)?
2
Let i(m) = m**2 + 4*m + 3. Let s(f) = -f**3 + 12*f**2 - 12*f + 6. Let z be s(11). Calculate i(z).
8
Suppose 0*o - 4 = 4*o, 3*q = 4*o - 20. Let f(m) = -m**3 - 8*m**2 + m + 4. What is f(q)?
-4
Suppose -12 = -5*q + q. Let l(v) be the first derivative of 2/3*v**q + 3*v + 1 - 3/2*v**2. Determine l(2).
5
Let l(w) = -w**2 + 4. Let d = -31 - -31. Determine l(d).
4
Let r(v) = v**3 - 5*v**2 - 8*v + 1. Suppose 0*n = -4*n + 24. Give r(n).
-11
Let j(w) = -w + 3. Suppose -3*b + 13 = a, b - 3 = -0*a - a. Calculate j(b).
-2
Let y(z) = z**2 - 7*z + 6. Suppose -5*j + 45 = 5*l, l + l = 3*j - 7. Give y(l).
-6
Suppose -o = i - 1, 4*o + 0*o - 10 = 2*i. Let h = -5 - i. Let u(k) = -k**2 - 2*k + 4. Let s be u(h). Let l(p) = p**2 + 6*p + 4. Determine l(s).
-4
Let z(u) = u**2 + 7*u. Let k be -4 + (-2)/4*-4. Let r(b) = -3*b**2 - 15*b - 1. Let p(v) = k*r(v) - 5*z(v). Determine p(3).
-4
Let m(k) = 1 - 4 - k + 0 - 2. Give m(-4).
-1
Let n(t) = 1 - 4*t**3 - 7*t**2 + 3*t**3 + 6. Suppose 4*y + 15 - 7 = -5*g, 3*g = -3*y - 9. Calculate n(y).
7
Let z = 6 + -3. Suppose z*s - 6 - 90 = 0. Suppose s = 5*m + 4*w, 0 = -3*m - m - 2*w + 22. Let r(u) = -u**2 + 7*u - 6. Calculate r(m).
6
Let c(t) = 2*t - 7. Let y be c(5). Let i(g) be the first derivative of g**4/24 + 2*g**3/3 - g**2 + 1. Let b(v) be the second derivative of i(v). What is b(y)?
7
Let m(j) be the second derivative of 0*j**4 + 0 - j + 0*j**2 + 0*j**3 + 1/20*j**5. What is m(2)?
8
Let v(x) = 0*x + 0 + 1 + 0*x**2 - 2*x**2 - x. Suppose 0*l + 14 = 4*l - 3*z, -3*l - z = -4. Determine v(l).
-9
Let o(h) = -4*h - 12*h - 12*h + 27*h. Calculate o(5).
-5
Let b = 3 + -2. Let k(w) = b - w + w + w. Determine k(5).
6
Let g(m) = -m**2 - 5*m + 2. Let v = -18 + 12. Let y be g(v). Let h = 0 + y. Let l(a) = -a**3 - 3*a**2 + 6*a + 1. What is l(h)?
-7
Let k be (-4)/20 + (-42)/(-10). Suppose k = -n - 0*n. Let v(y) = 2*y**3 + 5*y**2 + y**3 - 2*y**3 + 2*y - 2. Give v(n).
6
Let b(p) = -p**3 - 2*p**2 - p + 1. Let v be b(-2). Suppose 0*j = 5*j + v*n - 17, 0 = 5*j - n - 21. Let r(h) = j*h**2 - 7*h**2 - h**2 - 1. Give r(1).
-5
Let c(t) = 2 + 5*t - t - 3. Calculate c(-2).
-9
Let g(t) be the third derivative of t**5/60 - t**4/8 - 12*t**2. Let w(a) = 7*a. Let q be w(1). Let f = -4 + q. What is g(f)?
0
Let k be 0 + 0/(0 + 3). Let z(x) = -x**3 - 2*x**2 - 2*x - 2. Let u be z(-2). Let g(n) = -n - 8 + 17 - n**3 + n**u + 0*n**3. What is g(k)?
9
Let s(v) = -v - 8. Let t be s(-8). Suppose -z - 7 = -2*o - t*o, 3*o = -2*z. Let q(p) = -2*p - 1. Give q(z).
5
Let d = 28 - 22. Let l(q) = q - 2. Calculate l(d).
4
Let k be (-8)/(-2)*(-2)/4. Let c be k*(-1)/((-2)/(-3)). Let d(b) be the first derivative of 3*b**2/2 - 4*b - 4. What is d(c)?
5
Let k(z) = 2*z + 7. Let w(j) = -j - 6. Let g(v) = -6*k(v) - 7*w(v). Calculate g(1).
-5
Let j be (2 + (-6)/4)*-2. Let q(w) = w + 2. What is q(j)?
1
Let r(j) = -j**3 - j**2 - j - 1. Let g be 5*1/5*-1. Give r(g).
0
Let n be (-4)/(-2 - 0) + -2. Suppose 2*r - 1 = -w - n, -2*w = -10. Let o(p) = -2*p**2 - 4*p - 3. Give o(r).
-3
Let t(r) = r + 6. Let y = -70 - -63. Calculate t(y).
-1
Let h(n) = -n**3 + 4*n**2 + 6*n - 1. Let j(r) = 2*r**2 - r - 5. Let t be j(-2). What is h(t)?
4
Let y(u) = -u**3 - 4*u**2 + u - 3. Let l(o) = 16*o + 29. Let n be l(-2). What is y(n)?
-15
Let h = -65 - -75. Let j(c) = -c**2 + 10*c + 2. Determine j(h).
2
Let b(y) = -4*y**3. Let j be (1 - 0)*(-49)/(-7). Let s = -5 + j. Suppose -k = -3*p - 0*k + 3, 0 = -2*p - k + s. Give b(p).
-4
Let m(x) = -3*x**2 + 2*x + 1. Let k(a) = -7*a**2 + 5*a + 2. Let r(p) = 2*k(p) - 5*m(p). Let y(t) be the first derivative of r(t). Let n = 38 - 37. Give y(n).
2
Let k(a) be the second derivative of a**5/12 - 5*a**3/6 - 6*a. Let r(s) be the second derivative of k(s). Let i be (-2)/(-8) - 9/(-12). What is r(i)?
10
Let q(d) = d**3 + 4*d**2 + 2*d - 1. Let j = 10 - 7. Suppose -4*p - 14 = 5*a, -5*p + j = 8. Determine q(a).
3
Suppose -4*a + 7 + 17 = -o, 2*o + 33 = 5*a. Let w(t) = -t + 5. Determine w(a).
0
Let a(y) be the third derivative of y**4/12 + 7*y**3/6 + 10*y**2. Calculate a(5).
17
Let o(m) = 4*m - 2 + 8 - 5*m. Let w be o(7). Let a(l) = 2*l**3 + l**2 - 1. What is a(w)?
-2
Let v = -203 + 202. Let k(g) = g**3 - 4 + 2 + 1 + 2*g**2. Calculate k(v).
0
Let w(g) = -6*g - 3. Let l(x) = 5*x + 2. Let r(c) = 5*l(c) + 4*w(c). Let f be (2/4)/(2/4). Give r(f).
-1
Let g(l) = -l + 7. Suppose 2*z + 3 = z - h, 0 = -3*z - 2*h - 12. Let d be (-42)/(-4)*z/(-9). Let i be g(d). Let f(q) = -q + 3. Calculate f(i).
3
Suppose 7*t - c = 2*t - 8, t - 2*c - 2 = 0. Let q(s) = -7*s + 1. Calculate q(t).
15
Let l be (-1)/(1/(-2)) + -4. Let p(v) = v - 1. Let y(g) be the second derivative of -g**4/12 + g**3/6 - 3*g**2 - g. Let z(w) = 4*p(w) - y(w). Give z(l).
0
Let g(l) = l**3 + 3*l**2 - 2*l - 1. Let m be g(-3). Let p(b) = -b**3 + m*b**2 + 3*b**2 - 4*b**2. What is p(4)?
0
Let c(z) = z**2 - z - 4. Let j be (0 + (-12)/8)*8/4. Determine c(j).
8
Let b(y) = y**2 + y - 7. Let m = -5 + 8. Suppose 0 = -q - m*q. What is b(q)?
-7
Let d be (-7)/3 + 2/(-3). Let p = d - 0. Let q(g) = 2*g**2 + 2*g + 2. Let n(y) = 3*y**2 + 3*y + 2. Let w(o) = -3*n(o) + 4*q(o). What is w(p)?
-4
Let q(x) = x + 7. Suppose -5*m + m = 8. Let b be (-4 - m) + 2*-4. Let r be b*(3/(-6) - -1). What is q(r)?
2
Suppose 0 = 16*n - 15*n - 4. Let w(v) = -2*v - 8*v + 6*v**2 + 4 - v**3 + 3*v. What is w(n)?
8
Suppose 2*h - n = 6, -h - 3*n + 0*n = -3. Suppose w - 3 - h = 0. Suppose 5*x + 4*f + 4 - 1 = 0, 2*f + w = -4*x. Let j(p) = -p**2 + 3. Give j(x).
-6
Let w(q) = 17*q + 3. Let z(y) = 6*y + 1. Let v = -3 + 7. Let m(b) = v*w(b) - 11*z(b). Determine m(-1).
-1
Let y(b) = 14*b**3 - 3*b**2 - 20*b + 2. Let u(x) = 5*x**3 - x**2 - 7*x + 1. Let c(j) = 17*u(j) - 6*y(j). Let n(o) = o + 4. Let f be n(-4). Determine c(f).
5
Let i = -13 + 23. Suppose 0 = -5*k + 10 + i. Let x(n) = -n**3 + 2*n**2. Let s(v) = v**3 - 3*v**2 + v - 1. Let g(j) = 3*s(j) + 2*x(j). What is